44))?
True
Let n be 294*-1*(-2)/4. Let u = 206 - n. Let s = u + -22. Does 17 divide s?
False
Let o = -95 - -158. Is 31 a factor of o?
False
Suppose -16 = a - 5*a. Does 10 divide -3*(224/(-6))/a?
False
Suppose -4*v = 3*z - 285, -2*z - z - 240 = -3*v. Is v a multiple of 16?
False
Suppose -4*q + 3*p + 2 = 3, 2 = 3*q - 5*p. Is 13 + -4 + (q - 0) a multiple of 5?
False
Suppose 15 = 5*i + 3*m, m = -0*i + 5*i - 15. Suppose -4*a = -2*s + 1 - 9, i*s = 4*a - 10. Is 21 a factor of 0 + 44 + s - 0?
True
Suppose 3*s - 60 = 30. Is 10 a factor of s?
True
Let u(h) = 5*h**2. Let o be u(-3). Suppose 0 = -5*y - o - 80. Let d = -15 - y. Does 10 divide d?
True
Let v(t) = t + 9. Let i be v(-6). Suppose -13 = -4*c - 5*j, -3*c + i*j = 1 - 4. Suppose 0 = -3*o - p + 26, p - c + 12 = o. Does 9 divide o?
True
Let v be 568/24 - 4/6. Suppose -v = -u + 59. Does 22 divide u?
False
Suppose -2*t + 2*w = 3*w + 13, 2*w + 1 = t. Let u = 2 - t. Does 7 divide u?
True
Suppose 0 = -3*r - 4*b + 33, -2*r + 5*b - 4 = -3. Let x = 11 - r. Is 2/x + 13/2 a multiple of 4?
False
Let n be 5*-1*84/(-15). Suppose -2*w + 3*j - n + 2 = 0, 3*w + 2*j = -13. Is w*((-6)/(-21) - 2) a multiple of 6?
True
Let f(s) = -s + 4. Suppose -r = 2*r. Let t be f(r). Suppose 0 = -h - t*d + 12, -5*d + 26 = 4*h - 33. Does 8 divide h?
True
Suppose 3*c - 174 = 4*l, -16 = 5*l - 1. Suppose 2*u + 6 = c. Does 24 divide u?
True
Suppose -7 + 1 = -h + 3*p, -12 = -2*h - 4*p. Does 3 divide -2*((-33)/h + 1)?
True
Let f be 4/(-10) + 456/15. Suppose f = 3*j + 6. Suppose -j*p + 4*p = -44. Does 10 divide p?
False
Let v(x) be the second derivative of -1/12*x**4 - 1/3*x**3 + 1/20*x**5 - x**2 + 0 + x. Does 15 divide v(4)?
False
Let m(p) = p**3 - 13*p**2 + 6*p - 18. Does 15 divide m(13)?
True
Let o be (3/(-1))/(27/522). Let g = 96 + o. Is g a multiple of 14?
False
Suppose 0 = t - 4 - 29. Let l = 46 - t. Is l a multiple of 7?
False
Suppose -2*b + 0*b = 10. Let a(f) = -7*f - 3. Does 8 divide a(b)?
True
Let f(u) = u**2 - 10*u - 8. Let r be f(11). Suppose 4*y - r*a - 2*a - 36 = 0, 4*a + 54 = 5*y. Is 14 a factor of y?
True
Let v(n) = n**2 + 2*n. Let z be v(6). Does 14 divide 1/(-2 + 1) + z?
False
Let f(b) = 3*b - 1. Let o(m) = -m**3 - m + 3. Let x be o(0). Is 5 a factor of f(x)?
False
Let c(t) = -25*t - 47. Is 64 a factor of c(-7)?
True
Let l(k) = k. Let z(m) = -6*m. Let u(o) = 45*l(o) + 5*z(o). Let i be (-5 + 2)*12/(-18). Does 11 divide u(i)?
False
Is 16 a factor of ((-4)/(-24)*3)/(2/328)?
False
Suppose -18 + 3 = -3*r. Suppose 0 = -r*w - 75 - 25. Is ((-10)/4)/(5/w) a multiple of 3?
False
Let s = -3 - 5. Let o be (2 - s/(-6))*9. Does 14 divide (-2)/o - (-85)/3?
True
Let j = -411 - -593. Suppose l = 3*o - j, -o = 2*l + 3*l - 50. Is 20 a factor of o?
True
Suppose 0 = 4*q + i + 3*i + 12, 0 = -5*q - i + 5. Is (1 - (1 - 4))*q a multiple of 4?
True
Let u(z) = -3*z**3 - z**2 + 5. Let s(p) = -3*p**3 - p**2 + 4. Let l(n) = -4*s(n) + 3*u(n). Let x = -2 - -3. Is 3 a factor of l(x)?
True
Suppose 125 = 2*z + 3*z. Let a be -35*1/((-1)/1). Let t = a - z. Is 5 a factor of t?
True
Let g = -2 - -1. Let t(b) = -19*b**3 - b**2 - b - 1. Is 7 a factor of t(g)?
False
Does 15 divide 1*(13 + -3 + 5)?
True
Let i = 7 - 4. Let g be i*1/(3/(-5)). Is 11 a factor of (-1)/g - (-327)/15?
True
Let b(r) = -6*r + 3. Let d be b(-17). Suppose -d = -20*f + 15*f. Does 7 divide f?
True
Let g(y) = 4*y + 2. Suppose r - 5 = 3. Let o = r + -4. Is 9 a factor of g(o)?
True
Let p(s) = -5*s + 18. Let h(m) = 6*m - 19. Let c(o) = 6*h(o) + 7*p(o). Is c(-7) a multiple of 4?
False
Let c(z) = 3*z**2 + 2*z + 2. Let y be c(-1). Suppose -80 = -y*j + j. Is j a multiple of 10?
True
Let v(z) = z**3 - 15*z**2 + 7*z + 19. Does 25 divide v(15)?
False
Is 10 a factor of -2 + -3 + 126 + -1?
True
Let g be 105/(-10)*8/3. Let n = g + 45. Does 8 divide n?
False
Let q be (3/2)/(3/2). Let r(c) = 58*c**3 + 2*c - 1. Does 17 divide r(q)?
False
Suppose 5*f = -4*g + 172, -4*f - 175 = -9*f - 5*g. Is 8 a factor of f?
True
Suppose -3*v + 173 = -94. Let p = v + -51. Does 8 divide p?
False
Suppose 5*y - 120 - 80 = 0. Let v be 6/1*2/4. Suppose -v*m + y = -m. Does 10 divide m?
True
Suppose 9 = -2*m - 3. Let j = m + 67. Is j a multiple of 28?
False
Let v be (1 + 1)/(-4 - -3). Let y be 1/v - (-459)/(-18). Let c = -13 - y. Is 13 a factor of c?
True
Does 3 divide 7455/280 + (-6)/(-16)?
True
Let u = 12 + 6. Is u a multiple of 18?
True
Let l(c) = -c**2 - c. Let m(q) = 5*q**2 + 5*q - 14. Let s(a) = -6*l(a) - m(a). Suppose -3*o + v + 2 = 0, -3 = -4*o + 2*v + 1. Does 7 divide s(o)?
True
Let n(h) = -h + 5*h + h**2 + 0 - 3. Let x = 8 + -6. Does 4 divide n(x)?
False
Let c = 94 + -36. Is c a multiple of 29?
True
Let q be (99/12)/(6/32). Let o = 65 - q. Is (-6)/o + 354/14 a multiple of 14?
False
Let a(y) = y**3 + 4*y**2 + 2*y + 3. Let g be a(-3). Is 3 a factor of 57/g + (-1)/(-2)?
False
Let z be (-1)/6 - (-15)/(-18). Let u be -2 + (0 - 2*z). Suppose -n = 2*o - 4, 3*o - 5*o + n + 8 = u. Is o a multiple of 3?
True
Does 14 divide (-10)/20 + 85/2?
True
Suppose h = 2*h + y - 3, 2*y - 2 = 2*h. Does 7 divide (2 - -18) + 0 + h?
True
Let y be (-6)/(-27) + (-392)/(-18). Is 3 a factor of y/4 + 2/(-4)?
False
Let k(f) = -f**2 + 24*f - 31. Is k(18) a multiple of 24?
False
Suppose -3*q + 0*t + 27 = -5*t, 3*t = 3*q - 21. Does 2 divide q?
True
Let b(w) = -1 + 3*w + 8*w**2 - 3*w**3 + 4*w**3 + w. Does 16 divide b(-6)?
False
Suppose -2*g = -0*g + u + 10, -4*g - 5*u - 14 = 0. Let j = 19 + -13. Is (-44)/g - j/18 a multiple of 7?
True
Let z(u) = -4*u + 8. Let j be z(3). Does 11 divide 1143/21 + j/(-7)?
True
Let k be -3*1 + -2 + 17. Suppose 0*q + 3*l = -3*q + 27, 2*q = 4*l + k. Is 2 a factor of q?
True
Suppose 0*q - 15 = -3*q. Suppose q*z = 4*z + 30. Is 10 a factor of z?
True
Suppose -4*h = 40 - 220. Is 9 a factor of h?
True
Let m be (2 + -7)*(-6)/5. Suppose n + 7 = 2*n - 3*q, 0 = 3*n - 4*q - m. Let h = 7 + n. Is h a multiple of 5?
True
Is (2 + 8)*8/16 a multiple of 2?
False
Let a be (-24)/2 - (-1 - -3). Let s = 87 + -51. Let n = a + s. Is 14 a factor of n?
False
Suppose -8 - 42 = -2*l. Suppose -l = -4*q + 47. Is 15 a factor of q?
False
Let j(i) = -i + 85. Does 52 divide j(20)?
False
Let t(c) = c**2 + 5*c - 2. Let p be t(-6). Suppose 120 = p*k - k. Suppose 7 = d - k. Is 18 a factor of d?
False
Suppose 2*c - 6 = 2*i, 3*c - 7 - 10 = -i. Let l = 12 + -12. Suppose i*g - 40 = -l*g. Is g a multiple of 20?
True
Let u be (-45)/(-9) + 2/(-1). Suppose -5*k - 11 = -j, -5*k = -u*j + 21 - 8. Is 2 a factor of k*(-2)/(-4)*-2?
True
Let z be (-27)/((2 + 0)/(-2)). Let r = -6 + z. Suppose 0 = -4*w + 5*f + r, -f = -3*w + 5*w - 7. Is 4 a factor of w?
True
Suppose -19*g = -17*g - 142. Does 10 divide g?
False
Let j(r) = 3*r**2 - 2*r + 3. Let w(d) = -16*d**2 + 9*d - 15. Let h(y) = 11*j(y) + 2*w(y). Let q(l) = -3*l - 4. Let i be q(-3). Does 5 divide h(i)?
False
Suppose 3*p - 515 + 71 = 0. Does 37 divide p?
True
Suppose 0 = -3*a + 6*a - 99. Is a a multiple of 11?
True
Let w(c) = -c**3 - 7*c**2 - 4*c + 10. Let s(y) = y - 1. Let b be s(-6). Does 11 divide w(b)?
False
Suppose -3*t = -x + 6*x - 44, -4*x - 3*t + 37 = 0. Is 3 a factor of x?
False
Is 11 a factor of (-199)/(-3) + 40/60?
False
Suppose -4*j - 121 = -3*g - 39, 0 = -3*j + 2*g - 62. Is j/(-5) - (-6)/(-15) a multiple of 4?
True
Let k be 46/6 + 1/3. Does 7 divide 6*k*2/6?
False
Let b = -90 + 125. Does 11 divide b?
False
Let f(p) = p**3 + p**2 - p + 96. Is f(0) a multiple of 16?
True
Does 11 divide (-2)/(-10) + (-270)/(-25)?
True
Let l be 13/2*-4 - -1. Let z = 66 - l. Does 23 divide z?
False
Let x be 5/(10/(-12)) - 1. Let y = 12 + x. Suppose y*h + 18 = 208. Is 19 a factor of h?
True
Does 14 divide (2 - -20) + 9/6*-2?
False
Let m(z) = -2*z**2 - 12*z - 7. Let v be m(-5). Suppose v*x - 45 = -2*x + n, -5*n = x - 9. Is 9 a factor of x?
True
Suppose -3*p - 9 = -0*p, -4*a - 3*p + 2135 = 0. Let g be a/(-14) + 4/14. Let u = 58 + g. Is 10 a factor of u?
True
Suppose -3*d = -d - 142. Suppose -4*a + 137 = -d. Does 22 divide a?
False
Let z(s) = -s**2 + 12*s - 11. Let j be z(11). Suppose 0*i = -i + 2. Suppose 7*t - i*t - 4*o - 50 = j, -4*t + o = -51. Is t a multiple of 14?
True
Suppose 4*o + 28 = -4*g - g, -4*g - 3*o - 22 = 0. Let v = g - -3. Is (2 + v/(-1))*6 a multiple of 9?
True
Suppose 5*l - 5*s = -15, -2*l + 5*s = 2*s + 7. Does 5 divide -2*(3